715290 a multiple of 3?
False
Does 23 divide 8502716?
False
Is 6849764 a multiple of 52?
False
Is 1140237154 a multiple of 214?
True
Does 72 divide 416704629?
False
Is 2 a factor of 12597475?
False
Is 3 a factor of 48068145?
True
Is 1940912 a multiple of 116?
True
Is 14379196 a multiple of 478?
True
Does 110 divide 4799190?
True
Is 27442903 a multiple of 72?
False
Is 647 a factor of 2924031096?
True
Does 15 divide 2507325?
True
Is 6 a factor of 102938057?
False
Is 1450848125 a multiple of 625?
True
Is 1861 a factor of 3198019540?
False
Does 260 divide 2447473080?
True
Is 2477 a factor of 52249908?
False
Is 366 a factor of 77652390?
True
Is 85277261 a multiple of 9?
False
Is 3 a factor of 1606745?
False
Is 73 a factor of 141002931?
True
Is 86 a factor of 214061310?
True
Is 176975296 a multiple of 497?
False
Is 11757914 a multiple of 238?
True
Is 628 a factor of 21886428?
True
Is 1648 a factor of 613013152?
True
Does 1511 divide 459529853?
True
Is 16038734 a multiple of 4?
False
Is 8348994 a multiple of 369?
True
Does 5 divide 232018130?
True
Does 204 divide 38727156?
True
Is 30683298 a multiple of 23?
False
Does 28 divide 17427076?
False
Does 144 divide 36091806?
False
Is 25 a factor of 5975025?
True
Is 332 a factor of 469320240?
False
Is 1635898 a multiple of 253?
True
Does 141 divide 100839957?
True
Is 85935519 a multiple of 713?
False
Is 273285098 a multiple of 69?
False
Does 86 divide 3114926744?
False
Is 179773024 a multiple of 2056?
False
Does 127 divide 5872607?
True
Is 102928035 a multiple of 105?
True
Is 395 a factor of 189321182?
False
Is 1503171303 a multiple of 3581?
True
Is 132371062 a multiple of 55?
False
Is 3 a factor of 367939734?
True
Is 632348482 a multiple of 3?
False
Is 2715 a factor of 145955685?
True
Does 5793 divide 2728923629?
False
Is 125821944 a multiple of 763?
False
Is 396508776 a multiple of 23?
True
Is 1238007995 a multiple of 1245?
False
Does 179 divide 737085663?
True
Is 24 a factor of 574715546?
False
Is 1552663086 a multiple of 2269?
True
Is 6115637291 a multiple of 83?
True
Is 23375751 a multiple of 21?
True
Is 5047609 a multiple of 325?
False
Is 2170 a factor of 6502782?
False
Is 97 a factor of 10523433?
True
Is 61921210 a multiple of 26?
True
Does 835 divide 4721344?
False
Is 40566691 a multiple of 67?
True
Is 59 a factor of 25994928?
True
Is 57865718 a multiple of 113?
True
Is 4035696 a multiple of 168?
True
Does 1304 divide 20674156?
False
Is 1596 a factor of 28135884?
True
Does 139 divide 230188309?
True
Does 45 divide 1060037550?
True
Is 444 a factor of 122622144?
True
Is 96 a factor of 44856768?
True
Is 2104913 a multiple of 152?
False
Is 39435 a multiple of 144?
False
Is 208075959 a multiple of 9?
True
Is 38949073 a multiple of 22?
False
Does 104 divide 117532166?
False
Does 71 divide 16227264?
False
Is 93651473 a multiple of 2437?
True
Does 13 divide 3671602649?
True
Is 167 a factor of 114240795?
False
Is 17146168 a multiple of 274?
False
Is 1467620610 a multiple of 4206?
True
Does 38 divide 52340785?
False
Does 559 divide 64242582?
False
Is 2122 a factor of 7596760?
True
Does 7 divide 1583302?
True
Is 1467993852 a multiple of 871?
True
Is 770892090 a multiple of 3292?
False
Is 5227182081 a multiple of 477?
True
Does 1053 divide 590539340?
False
Is 531742 a multiple of 6?
False
Is 42469542 a multiple of 6?
True
Does 24 divide 233755008?
True
Does 83 divide 206936435?
False
Is 377055360 a multiple of 1440?
True
Is 5615711 a multiple of 2?
False
Is 125 a factor of 21353375?
True
Does 15 divide 18471075?
True
Is 19539733 a multiple of 1885?
False
Is 17 a factor of 1365233365?
True
Is 3087535 a multiple of 365?
True
Is 56926012 a multiple of 92?
True
Does 589 divide 2106389327?
False
Is 70 a factor of 6047440?
True
Does 1345 divide 171658905?
False
Is 268468301 a multiple of 35?
False
Does 7550 divide 37047850?
True
Is 9417962 a multiple of 21?
False
Does 424 divide 66253481?
False
Does 645 divide 3026029110?
True
Is 9 a factor of 50429734?
False
Is 5 a factor of 61203381?
False
Is 13 a factor of 14774133?
False
Is 31 a factor of 235130560?
False
Is 43 a factor of 7612419?
True
Is 25362389 a multiple of 433?
False
Is 16572392 a multiple of 3927?
False
Is 376268450 a multiple of 11?
False
Does 1709 divide 201938011?
False
Does 6 divide 67839666?
True
Is 417 a factor of 9904554?
False
Is 1612117519 a multiple of 24?
False
Is 102082410 a multiple of 18?
True
Does 585 divide 284848925?
False
Does 2747 divide 43306455?
True
Is 85 a factor of 113039630?
True
Is 180366724 a multiple of 2?
True
Does 2606 divide 982936927?
False
Is 12 a factor of 29311104?
True
Does 4017 divide 433407277?
False
Is 3988 a factor of 2240134496?
False
Is 10545542 a multiple of 34?
True
Is 232 a factor of 121266168?
True
Is 70861025 a multiple of 14?
False
Is 14044500 a multiple of 24?
False
Is 38472175 a multiple of 35?
True
Is 1147949004 a multiple of 308?
False
Is 14439320 a multiple of 230?
False
Is 530544092 a multiple of 74?
False
Is 12242033 a multiple of 71?
True
Does 10 divide 17212800?
True
Is 11 a factor of 45772342?
True
Is 338929136 a multiple of 182?
True
Is 16 a factor of 534758096?
True
Is 7531 a factor of 2035805072?
False
Does 956 divide 72587607?
False
Does 2485 divide 4121148443?
False
Is 1072 a factor of 218767328?
True
Does 17 divide 22697794?
False
Is 24996020 a multiple of 140?
True
Is 4309 a factor of 1928364838?
False
Does 957 divide 2539084072?
False
Does 888 divide 95412747?
False
Is 372 a factor of 3162606360?
True
Is 29039892 a multiple of 412?
False
Is 35205296 a multiple of 159?
False
Does 190 divide 62862359?
False
Is 577 a factor of 400291442?
True
Does 2291 divide 85314073?
False
Is 16642548 a multiple of 182?
False
Is 162 a factor of 1255237236?
True
Does 8028 divide 1638611136?
True
Is 220 a factor of 47543760?
True
Does 23 divide 66851308?
False
Is 48 a factor of 57523467?
False
Is 2843 a factor of 45288365?
False
Is 289 a factor of 657388935?
False
Is 2397 a factor of 45243375?
True
Is 2177 a factor of 42991396?
True
Is 6253947 a multiple of 3?
True
Is 50719452 a multiple of 20?
False
Does 708 divide 379892493?
False
Is 18691970 a multiple of 10?
True
Is 56123724 a multiple of 2364?
True
Does 9 divide 36862688?
False
Is 349845268 a multiple of 19?
False
Is 1592494124 a multiple of 534?
False
Is 57 a factor of 264460758?
False
Is 1409 a factor of 190858597?
False
Is 849 a factor of 54537213?
True
Is 45 a factor of 125889075?
True
Is 11226375 a multiple of 125?
True
Does 1435 divide 11632318?
False
Is 3500710233 a multiple of 38?
False
Is 10779351 a multiple of 41?
True
Is 30 a factor of 82364940?
True
Does 1080 divide 56823120?
True
Is 46 a factor of 27813149?
False
Does 2445 divide 2062379505?
True
Is 9 a factor of 20369037?
False
Is 167 a factor of 144389321?
False
Is 30995560 a multiple of 94?
True
Is 130772640 a multiple of 3?
True
Is 61585785 a multiple of 26?
False
Does 13 divide 221297610?
False
Is 800 a factor of 6885600?
True
Is 2099 a factor of 79789287?
True
Is 10457798 a multiple of 13?
True
Does 6 divide 1377932922?
True
Is 131 a factor of 81400038?
False
Does 27 divide 32542803?
True
Is 18685728 a multiple of 10?
False
Is 129 a factor of 150253911?
True
Is 30573006 a multiple of 62?
True
Is 563214842 a multiple of 29?
False
Is 29824346 a multiple of 123?
False
Is 55658913 a multiple of 810?
False
Does 3123 divide 791287002?
True
Is 11 a factor of 204514973?
False
Does 3358 divide 819620640?
True
Is 3 a factor of 275307?
True
Is 65372305 a multiple of 2785?
True
Does 149 divide 55209448?
False
Does 89 divide 5950896?
True
Is 21 a factor of 175163163?
True
Is 6383 a factor of 846870908?
True
Is 2 a factor of 72120540?
True
Does 110 divide 410558280?
True
Is 95894 a multiple of 615?
False
Is 72287245 a multiple of 472?
False
Does 21 divide 184762263?
True
Does 585 divide 34431930?
True
Is 947 a factor of 25345508?
True
Does 1913 divide 58250850?
True
Is 122 a factor of 52833659?
False
Does 13 divide 33416649?
False
Is 16 a factor of 48476768?
True
Does 561 divide 3292509?
True
Is 872 a factor of 457709173?
False
Is 847628581 a multiple of 73?
False
Does 96 divide 917376?
True
Is 27 a factor of 23152176?
True
Does 433 divide 31318457?
True
Is 772 a factor of 38907256?
True
Is 28 a 